13, what is 4 + -2b3c5a?
-2b3c56
In base 2, what is 11011100000100011101011011011 + -100?
11011100000100011101011010111
In base 8, what is -21 - 14771516?
-14771537
In base 5, what is -20214131 - -2122?
-20212004
In base 13, what is -234bb6c + 11?
-234bb5b
In base 15, what is 3d9e5b + -164?
3d9ce7
In base 7, what is -3 - 56443300?
-56443303
In base 11, what is -1532779 - -1?
-1532778
In base 15, what is -5 - -186a9378?
186a9373
In base 4, what is 313233 - 1323310?
-1010011
In base 16, what is -e3f9f + 1?
-e3f9e
In base 11, what is -4 - 5102866?
-510286a
In base 5, what is 1103021212243 - 0?
1103021212243
In base 8, what is 3224 + -137465?
-134241
In base 2, what is -100 + -10011010101001010111?
-10011010101001011011
In base 9, what is -33 + -1073483?
-1073526
In base 13, what is -8a002 - -149?
-89b86
In base 5, what is -2134011 + -124?
-2134140
In base 12, what is 3661a67 - -14?
3661a7b
In base 14, what is 4 + -6a0a16?
-6a0a12
In base 8, what is 15173347 + 136?
15173505
In base 2, what is 11010000000111000 + -1010?
11010000000101110
In base 14, what is -da4c94 + -64?
-da4d18
In base 3, what is -10101 - -20220101200011?
20220101112210
In base 5, what is 2 - -2212144433?
2212144440
In base 14, what is -661db7a - -4?
-661db76
In base 7, what is -12424051 - -452?
-12423266
In base 9, what is -33 - -627744?
627711
In base 16, what is 4c4b - -1560?
61ab
In base 6, what is 150425 - -153413?
344242
In base 10, what is 37677 + -17?
37660
In base 3, what is -10121 - 2020020111020?
-2020020121211
In base 9, what is 36 + 566071?
566117
In base 2, what is -100100011001000100 - -1101101?
-100100010111010111
In base 6, what is -2 + -1215025521?
-1215025523
In base 6, what is -4134 - 144323?
-152501
In base 12, what is 3377 + a2?
3459
In base 14, what is -49b + 89b8?
851b
In base 14, what is -4015 - -37?
-3dbc
In base 12, what is 111661b7 - a?
111661a9
In base 13, what is 121a + -2a1a?
-1800
In base 15, what is 1352822 + -1a?
1352807
In base 7, what is -24 - -1045136461?
1045136434
In base 6, what is -20500352 - -21?
-20500331
In base 8, what is -6645140020 - -4?
-6645140014
In base 10, what is -1 + -1230653?
-1230654
In base 2, what is 10011011000110000 + 1001101001?
10011100010011001
In base 12, what is -6716 - -686a?
154
In base 16, what is -4 + 10456f?
10456b
In base 7, what is -165120 + -1330?
-166450
In base 9, what is 365 + 246861?
247336
In base 10, what is -96 + -108633?
-108729
In base 6, what is 200232451 - 3?
200232444
In base 8, what is 1546503 - -272?
1546775
In base 13, what is -111a6165c + 3?
-111a61659
In base 14, what is -1699 + 98082?
967c7
In base 16, what is -297c355f - 0?
-297c355f
In base 16, what is 10ca0 - 6d?
10c33
In base 6, what is 15225 - -23002?
42231
In base 14, what is 3198bbd - -4?
3198bc3
In base 11, what is 6 + a53711?
a53717
In base 12, what is -26575327 + 2?
-26575325
In base 7, what is -2034256 + -113?
-2034402
In base 5, what is -234202010044 - 3?
-234202010102
In base 12, what is -163268b + -41?
-1632710
In base 5, what is -10030030310 + 30?
-10030030230
In base 15, what is -2 + -46e1adb?
-46e1add
In base 8, what is 14 + 142241633?
142241647
In base 11, what is 320184 - -81?
320255
In base 7, what is -40530510 - 502?
-40531312
In base 14, what is -102 + -130533?
-130635
In base 9, what is 307815 + 110?
308025
In base 6, what is 4022403 + 544?
4023351
In base 3, what is 20001201002 + -201100?
20000222202
In base 11, what is -1028 + 69517?
6849a
In base 10, what is 2977 + 4325?
7302
In base 10, what is 41075 - 194?
40881
In base 6, what is -54042 - 13433?
-111515
In base 12, what is 1181a + -1118?
10702
In base 6, what is 5 + -141111330?
-141111321
In base 16, what is -566aa + -197?
-56841
In base 16, what is -1 + -4e6e31?
-4e6e32
In base 7, what is -161133 - 5?
-161141
In base 2, what is 101110001000000010001 - -10010?
101110001000000100011
In base 6, what is -233150442 - 4?
-233150450
In base 3, what is -102 - -111011010012?
111011002210
In base 10, what is -11246 + -15768?
-27014
In base 9, what is -16 + -106554?
-106571
In base 15, what is 394 - -28242?
285d6
In base 16, what is 1130ba + c?
1130c6
In base 13, what is 106 - -71595?
7169b
In base 15, what is 1bab845 - -5?
1bab84a
In base 11, what is -186 - -46089?
45a03
In base 12, what is -3471b818 + 10?
-3471b808
In base 7, what is -2 - -4632106661?
4632106656
In base 13, what is -2 + -21423b?
-214240
In base 11, what is 985 + -240?
745
In base 8, what is 77 - -42015663?
42015762
In base 15, what is -1618 + -2769?
-3d82
In base 11, what is 8073 + -973?
7200
In base 4, what is 1332 - -133023022?
133031020
In base 10, what is 7307 - -242?
7549
In base 4, what is 3 - 20010303023?
-20010303020
In base 9, what is -10144602 + 2?
-10144600
In base 6, what is -33023325 + 40?
-33023245
In base 9, what is 37665 + -35?
37630
In base 7, what is 456436554 - 42?
456436512
In base 4, what is -11 - 1123132221?
-1123132232
In base 11, what is -2a2583272 + 3?
-2a258326a
In base 7, what is -1141151423 - 1?
-1141151424
In base 5, what is -11441310 - -233?
-11441022
In base 2, what is 111101101100010001111110001 + 10?
111101101100010001111110011
In base 13, what is -7c4 - 1393b?
-14432
In base 2, what is 100010000011011010000 + -1100111111?
100010000001110010001
In base 5, what is -10 - -431343041?
431343031
In base 11, what is 2412 - -4115?
6527
In base 8, what is 33 + -46370?
-46335
In base 2, what is 11010 - 1100000011101100110111?
-1100000011101100011101
In base 7, what is 3604 - 16610?
-13003
In base 10, what is -8746 + -225?
-8971
In base 4, what is 11110132303222 + 11?
11110132303233
In base 13, what is -104 - a59a?
-a6a1
In base 6, what is -25015 - -5544?
-15031
In base 5, what is 114231132 + 321?
114232003
In base 12, what is -4 + -11277509?
-11277511
In base 10, what is -6395496 + -4?
-6395500
In base 11, what is 185a351 - -13?
185a364
In base 6, what is -30055352 + 22?
-30055330
In base 4, what is -33210 + -1220113?
-1313323
In base 13, what is -1397 + 1b52?
788
In base 9, what is -2735751 + 44?
-2735706
In base 11, what is 694 + -39207?
-38623
In base 14, what is 8a6 - -a3bb?
ac83
In base 5, what is 2114014322 + -4?
2114014313
In base 14, what is -8c0 - 26d?
-b4d
In base 6, what is -10235 + -351205?
-401444
In base 13, what is -93b9cc15 - -5?
-93b9cc10
In base 16, what is 76f37 - 63?
76ed4
In base 11, what is -48 - 2a208a3?
-2a20940
In base 2, what is -11001101101110001111010001 + -11000?
-11001101101110001111101001
In base 3, what is -21120 - -121000212120?
121000121000
In base 8, what is -25 + -23620126?
-23620153
In base 15, what is -3 - -2485e4?
2485e1
In base 5, what is -314 + -132343243?
-132344112
In base 2, what is 110100101011110100110001 + 0?
110100101011110100110001
In base 7, what is -1122255 - 6050?
-1131335
In base 10, what is -5406096 - -7?
-5406089
In base 11, what is 7699a6 - -7?
769a02
In base 7, what is 1511253 - 1136?
1510114
In base 16, what is -4 + -94602a?
-94602e
In base 11, what is -10 - 16219a?
-1621aa
In base 16, what is 3 + 129a33?
129a36
In base 16, what is 27b7 + -92d?
1e8a
In base 11, what is a043 - 2247?
78a7
In base 2, what is -10000000010101010011 - 1000111101?
-10000000011110010000
In base 9, what is 144363 - -131?
144504
In base 2, what is 10111101001000100 - 111010?
10111101000001010
In base 2, what is -11001011010011 + 1101111101110?
-1011011100101
In base 16, what is -2d + 10839?
1080c
In base 12, what is 0 - 14328434?
-14328434
In base 13, what is -7b949 + -1c?
-7b968
In base 2, what is -1 + -1111101101011101000?
-1111101101011101001
In base 8, what is 230750465 + 1?
230750466
In base 3, what is -201022201001210 - 2?
-201022201001212
In base 16, what is -60a - -444?
-1c6
In base 11, what is -6583a + -919?
-66658
In base 10, what is 38 - -5205649?
5205687
In base 16, what is -a5e + -945?
-13a3
In base 15, what is b04 + -b69d?
-aa99
In base 14, what is 10 - b7046?
-b7036
In base 8, what is 3551 + 1766377?
1772150
In base 10, what is -1021660 - -47?
-1021613
In base 9, what is -2570834 + 0?
-2570834
In base 15, what is 575e4e - -3?
575e52
In base 16, what is b45dc - 117?
b44c5
In base 3, what is -1012201 - 100121121?
-101211022
In base 15, what is -aa9d + -437?
-aed5
In base 2, what is -110100000 + 10000011101?
1001111101
In base 15, w